{"id":1306,"date":"2023-10-16T14:26:42","date_gmt":"2023-10-16T17:26:42","guid":{"rendered":"http:\/\/www.seunovo.site\/coriarte\/?post_type=product&#038;p=1306"},"modified":"2023-10-25T22:43:30","modified_gmt":"2023-10-26T01:43:30","slug":"tinta-acrilica-standard","status":"publish","type":"product","link":"https:\/\/www.seunovo.site\/coriarte\/produto\/tinta-acrilica-standard\/","title":{"rendered":"Tinta Acr\u00edlica Standard"},"content":{"rendered":"","protected":false},"excerpt":{"rendered":"<p>\u00c9 uma tinta Standard de excelente qualidade, \u00f3tima cobertura e rendimento, al\u00e9m de fino acabamento com tripla prote\u00e7\u00e3o Fungicida, Bactericida, Algicida, para pintura de alta qualidade. Indicada para pinturas em Alvenaria, concreto, cimento, amianto, tijolo, em ambientes internos e externos.<\/p>\n","protected":false},"featured_media":1312,"comment_status":"open","ping_status":"closed","template":"","meta":[],"product_cat":[19],"product_tag":[1480],"acf":{"indicado_para_aplicacao":"","dados_do_produto":"Diluente: \u00c1gua <br>\r\nDilui\u00e7\u00e3o: 5 \u2013 15% em volume\r\n","rendimento_minimo_acabado":""},"_links":{"self":[{"href":"https:\/\/www.seunovo.site\/coriarte\/wp-json\/wp\/v2\/product\/1306"}],"collection":[{"href":"https:\/\/www.seunovo.site\/coriarte\/wp-json\/wp\/v2\/product"}],"about":[{"href":"https:\/\/www.seunovo.site\/coriarte\/wp-json\/wp\/v2\/types\/product"}],"replies":[{"embeddable":true,"href":"https:\/\/www.seunovo.site\/coriarte\/wp-json\/wp\/v2\/comments?post=1306"}],"wp:featuredmedia":[{"embeddable":true,"href":"https:\/\/www.seunovo.site\/coriarte\/wp-json\/wp\/v2\/media\/1312"}],"wp:attachment":[{"href":"https:\/\/www.seunovo.site\/coriarte\/wp-json\/wp\/v2\/media?parent=1306"}],"wp:term":[{"taxonomy":"product_cat","embeddable":true,"href":"https:\/\/www.seunovo.site\/coriarte\/wp-json\/wp\/v2\/product_cat?post=1306"},{"taxonomy":"product_tag","embeddable":true,"href":"https:\/\/www.seunovo.site\/coriarte\/wp-json\/wp\/v2\/product_tag?post=1306"}],"curies":[{"name":"wp","href":"https:\/\/api.w.org\/{rel}","templated":true}]}}