{"id":1310,"date":"2023-10-16T14:29:28","date_gmt":"2023-10-16T17:29:28","guid":{"rendered":"http:\/\/www.seunovo.site\/coriarte\/?post_type=product&#038;p=1310"},"modified":"2023-10-16T14:33:32","modified_gmt":"2023-10-16T17:33:32","slug":"selador-acrilico-standard","status":"publish","type":"product","link":"https:\/\/www.seunovo.site\/coriarte\/produto\/selador-acrilico-standard\/","title":{"rendered":"Selador Acr\u00edlico Standard"},"content":{"rendered":"","protected":false},"excerpt":{"rendered":"<p>Um selador acr\u00edlico pigmentado indicado para selar absor\u00e7\u00e3o e nivelar a cor em superf\u00edcie de alvenaria, concreto, cimento, em pinturas Imobili\u00e1rias internas e externas em geral.<\/p>\n","protected":false},"featured_media":1312,"comment_status":"open","ping_status":"closed","template":"","meta":[],"product_cat":[19],"product_tag":[],"acf":{"indicado_para_aplicacao":"","dados_do_produto":"Diluente: \u00c1gua <br>\r\nDilui\u00e7\u00e3o: 20 \u2013 30% em volume\r\n","rendimento_minimo_acabado":""},"_links":{"self":[{"href":"https:\/\/www.seunovo.site\/coriarte\/wp-json\/wp\/v2\/product\/1310"}],"collection":[{"href":"https:\/\/www.seunovo.site\/coriarte\/wp-json\/wp\/v2\/product"}],"about":[{"href":"https:\/\/www.seunovo.site\/coriarte\/wp-json\/wp\/v2\/types\/product"}],"replies":[{"embeddable":true,"href":"https:\/\/www.seunovo.site\/coriarte\/wp-json\/wp\/v2\/comments?post=1310"}],"wp:featuredmedia":[{"embeddable":true,"href":"https:\/\/www.seunovo.site\/coriarte\/wp-json\/wp\/v2\/media\/1312"}],"wp:attachment":[{"href":"https:\/\/www.seunovo.site\/coriarte\/wp-json\/wp\/v2\/media?parent=1310"}],"wp:term":[{"taxonomy":"product_cat","embeddable":true,"href":"https:\/\/www.seunovo.site\/coriarte\/wp-json\/wp\/v2\/product_cat?post=1310"},{"taxonomy":"product_tag","embeddable":true,"href":"https:\/\/www.seunovo.site\/coriarte\/wp-json\/wp\/v2\/product_tag?post=1310"}],"curies":[{"name":"wp","href":"https:\/\/api.w.org\/{rel}","templated":true}]}}