{"id":2173,"date":"2023-10-25T17:46:14","date_gmt":"2023-10-25T20:46:14","guid":{"rendered":"http:\/\/www.seunovo.site\/coriarte\/?post_type=product&#038;p=2173"},"modified":"2023-10-25T17:49:03","modified_gmt":"2023-10-25T20:49:03","slug":"acrilico-premium-emborrachado-sb-acetinado","status":"publish","type":"product","link":"https:\/\/www.seunovo.site\/coriarte\/produto\/acrilico-premium-emborrachado-sb-acetinado\/","title":{"rendered":"Acr\u00edlico Premium Emborrachado SB \/ Acetinado"},"content":{"rendered":"","protected":false},"excerpt":{"rendered":"<p>A tinta acr\u00edlica emborrachada foi desenvolvida para pintura de superf\u00edcies que enfrentam consider\u00e1vel dilata\u00e7\u00e3o e contra\u00e7\u00e3o natural, evitando assim o aparecimento de pequenas fissuras. Possui acabamento semi brilho ou acetinado. \u00c9 indicada tanto para ambientes internos quanto externos. Produto com bom alastramento, \u00f3tima cobertura, f\u00e1cil aplica\u00e7\u00e3o e lav\u00e1vel. <\/p>\n<p>*Para boa ader\u00eancia ao substrato, se recomenda a aplica\u00e7\u00e3o de fundo preparador antes da tinta.<\/p>\n","protected":false},"featured_media":2098,"comment_status":"open","ping_status":"closed","template":"","meta":[],"product_cat":[19],"product_tag":[45],"acf":{"indicado_para_aplicacao":"Pincel<br>\r\nRolo de pelo curto<br>\r\nTrincha<br>\r\nAirless\r\n","dados_do_produto":"Dilui\u00e7\u00e3o com \u00e1gua para rolo 5 \u2013 15 %<br>\r\nDilui\u00e7\u00e3o com \u00e1gua para airless 20 a 40%<br>\r\nN\u00famero de dem\u00e3os 2 a 3<br>\r\nSecagem ao Toque 1 hora<br>\r\nSecagem Manuseio 2 horas<br>\r\nIntervalo entre Dem\u00e3o 4 \u2013 6 horas<br>\r\nSecagem total 72 horas\r\n","rendimento_minimo_acabado":"Quartinho 0,9L 5m2<br>\r\nGal\u00e3o 3,6L 20m2<br>\r\nLata 18L 100m2\r\n"},"_links":{"self":[{"href":"https:\/\/www.seunovo.site\/coriarte\/wp-json\/wp\/v2\/product\/2173"}],"collection":[{"href":"https:\/\/www.seunovo.site\/coriarte\/wp-json\/wp\/v2\/product"}],"about":[{"href":"https:\/\/www.seunovo.site\/coriarte\/wp-json\/wp\/v2\/types\/product"}],"replies":[{"embeddable":true,"href":"https:\/\/www.seunovo.site\/coriarte\/wp-json\/wp\/v2\/comments?post=2173"}],"wp:featuredmedia":[{"embeddable":true,"href":"https:\/\/www.seunovo.site\/coriarte\/wp-json\/wp\/v2\/media\/2098"}],"wp:attachment":[{"href":"https:\/\/www.seunovo.site\/coriarte\/wp-json\/wp\/v2\/media?parent=2173"}],"wp:term":[{"taxonomy":"product_cat","embeddable":true,"href":"https:\/\/www.seunovo.site\/coriarte\/wp-json\/wp\/v2\/product_cat?post=2173"},{"taxonomy":"product_tag","embeddable":true,"href":"https:\/\/www.seunovo.site\/coriarte\/wp-json\/wp\/v2\/product_tag?post=2173"}],"curies":[{"name":"wp","href":"https:\/\/api.w.org\/{rel}","templated":true}]}}