{"id":2175,"date":"2023-10-25T17:55:39","date_gmt":"2023-10-25T20:55:39","guid":{"rendered":"http:\/\/www.seunovo.site\/coriarte\/?post_type=product&#038;p=2175"},"modified":"2023-10-25T17:56:47","modified_gmt":"2023-10-25T20:56:47","slug":"esmalte-sintetico-premium","status":"publish","type":"product","link":"https:\/\/www.seunovo.site\/coriarte\/produto\/esmalte-sintetico-premium\/","title":{"rendered":"Esmalte Sint\u00e9tico Premium"},"content":{"rendered":"","protected":false},"excerpt":{"rendered":"<p>A Tinta Esmalte Sint\u00e9tico \u00e9 um produto \u00e0 base de solvente que proporciona excelente brilho, boa secagem e \u00f3tima resist\u00eancia, prolonga a vida \u00fatil da superf\u00edcie em que \u00e9 aplicada. Indicada para pintura em madeira e metais ferrosos (acabamento).<\/p>\n","protected":false},"featured_media":2074,"comment_status":"open","ping_status":"closed","template":"","meta":[],"product_cat":[19],"product_tag":[45],"acf":{"indicado_para_aplicacao":"Pincel de cerdas macias<br>\r\nRolo de pelo curto<br>\r\nPistola\r\n","dados_do_produto":"Diluente Aguarr\u00e1s<br>\r\nDilui\u00e7\u00e3o para rolo 10 a 15%<br>\r\nDilui\u00e7\u00e3o para pistola 20 a 30%<br>\r\nN\u00famero de dem\u00e3os 2 a 3<br>\r\nSecagem ao Toque 10 horas<br>\r\nSecagem Manuseio 12 horas<br>\r\nIntervalo entre Dem\u00e3o 16 horas<br>\r\nSecagem total 72 horas\r\n","rendimento_minimo_acabado":"Quartinho 0,9L 5,10m2<br>\r\nGal\u00e3o 3,6L 18,36 m2<br>\r\nLata 18L 91,8m2\r\n"},"_links":{"self":[{"href":"https:\/\/www.seunovo.site\/coriarte\/wp-json\/wp\/v2\/product\/2175"}],"collection":[{"href":"https:\/\/www.seunovo.site\/coriarte\/wp-json\/wp\/v2\/product"}],"about":[{"href":"https:\/\/www.seunovo.site\/coriarte\/wp-json\/wp\/v2\/types\/product"}],"replies":[{"embeddable":true,"href":"https:\/\/www.seunovo.site\/coriarte\/wp-json\/wp\/v2\/comments?post=2175"}],"wp:featuredmedia":[{"embeddable":true,"href":"https:\/\/www.seunovo.site\/coriarte\/wp-json\/wp\/v2\/media\/2074"}],"wp:attachment":[{"href":"https:\/\/www.seunovo.site\/coriarte\/wp-json\/wp\/v2\/media?parent=2175"}],"wp:term":[{"taxonomy":"product_cat","embeddable":true,"href":"https:\/\/www.seunovo.site\/coriarte\/wp-json\/wp\/v2\/product_cat?post=2175"},{"taxonomy":"product_tag","embeddable":true,"href":"https:\/\/www.seunovo.site\/coriarte\/wp-json\/wp\/v2\/product_tag?post=2175"}],"curies":[{"name":"wp","href":"https:\/\/api.w.org\/{rel}","templated":true}]}}