{"id":2178,"date":"2023-10-25T18:07:56","date_gmt":"2023-10-25T21:07:56","guid":{"rendered":"http:\/\/www.seunovo.site\/coriarte\/?post_type=product&#038;p=2178"},"modified":"2023-10-25T18:09:29","modified_gmt":"2023-10-25T21:09:29","slug":"fundo-preparador-base-solvente","status":"publish","type":"product","link":"https:\/\/www.seunovo.site\/coriarte\/produto\/fundo-preparador-base-solvente\/","title":{"rendered":"Fundo Preparador Base Solvente"},"content":{"rendered":"","protected":false},"excerpt":{"rendered":"<p>O Fundo Preparador Base Solvente promove a coes\u00e3o no substrato por selagem. Refor\u00e7a superf\u00edcies porosas externas e internas tais como: paredes calcinadas, com caia\u00e7\u00e3o, massa fina fraca, reboco, tijolos, gesso, cimento amianto e concreto para repintura. <\/p>\n","protected":false},"featured_media":2076,"comment_status":"open","ping_status":"closed","template":"","meta":[],"product_cat":[19],"product_tag":[1479],"acf":{"indicado_para_aplicacao":"Rolo de l\u00e3 de pelos baixos  <br>\r\nPincel de cerdas macias\r\n","dados_do_produto":"Dilui\u00e7\u00e3o com 10.10 20%   <br>\r\nSecagem ao Toque 1,5 horas   <br>\r\nSecagem total 24 horas   <br>\r\nRendimento acabado 18L At\u00e9 250m\u00b2   <br>\r\nRendimento acabado 3,6L At\u00e9 50m\u00b2  <br>\r\nRendimento acabado 0,9L At\u00e9 12,5m\u00b2\r\n","rendimento_minimo_acabado":""},"_links":{"self":[{"href":"https:\/\/www.seunovo.site\/coriarte\/wp-json\/wp\/v2\/product\/2178"}],"collection":[{"href":"https:\/\/www.seunovo.site\/coriarte\/wp-json\/wp\/v2\/product"}],"about":[{"href":"https:\/\/www.seunovo.site\/coriarte\/wp-json\/wp\/v2\/types\/product"}],"replies":[{"embeddable":true,"href":"https:\/\/www.seunovo.site\/coriarte\/wp-json\/wp\/v2\/comments?post=2178"}],"wp:featuredmedia":[{"embeddable":true,"href":"https:\/\/www.seunovo.site\/coriarte\/wp-json\/wp\/v2\/media\/2076"}],"wp:attachment":[{"href":"https:\/\/www.seunovo.site\/coriarte\/wp-json\/wp\/v2\/media?parent=2178"}],"wp:term":[{"taxonomy":"product_cat","embeddable":true,"href":"https:\/\/www.seunovo.site\/coriarte\/wp-json\/wp\/v2\/product_cat?post=2178"},{"taxonomy":"product_tag","embeddable":true,"href":"https:\/\/www.seunovo.site\/coriarte\/wp-json\/wp\/v2\/product_tag?post=2178"}],"curies":[{"name":"wp","href":"https:\/\/api.w.org\/{rel}","templated":true}]}}