{"id":2188,"date":"2023-10-25T18:45:16","date_gmt":"2023-10-25T21:45:16","guid":{"rendered":"http:\/\/www.seunovo.site\/coriarte\/?post_type=product&#038;p=2188"},"modified":"2023-10-25T18:46:46","modified_gmt":"2023-10-25T21:46:46","slug":"massa-extra-leve-2","status":"publish","type":"product","link":"https:\/\/www.seunovo.site\/coriarte\/produto\/massa-extra-leve-2\/","title":{"rendered":"Massa Extra Leve"},"content":{"rendered":"","protected":false},"excerpt":{"rendered":"<p>A Massa Extra Leve \u00e9 uma massa indicada principalmente para pequenos reparos, como fechamento de orif\u00edcios (buracos) e corre\u00e7\u00e3o de pequenas fissuras. Este produto n\u00e3o retrai e n\u00e3o racha, proporcionando, assim, um bom acabamento final.<\/p>\n<p><strong>Superf\u00edcies indicadas:<\/strong><br \/>\nA Massa Extra Leve Coriarte \u00e9 indicada para uso em paredes externas e internas e teto de alvenaria, gesso ou concreto, especialmente para pequenos reparos. O uso deste produto n\u00e3o dispensa a aplica\u00e7\u00e3o de pinturas de acabamento.<\/p>\n","protected":false},"featured_media":1299,"comment_status":"open","ping_status":"closed","template":"","meta":[],"product_cat":[19],"product_tag":[1479],"acf":{"indicado_para_aplicacao":"Desempenadeira de a\u00e7o<br>\r\nEsp\u00e1tula de a\u00e7o<br>","dados_do_produto":"Dilui\u00e7\u00e3o Pronta para uso<br>\r\nN\u00famero de dem\u00e3os 1<br>\r\nSecagem ao Toque 1 hora<br>\r\nSecagem Manuseio 2 horas<br>\r\nIntervalo entre Dem\u00e3o 4 horas<br>\r\nSecagem total 12 horas<br>\r\nRendimento Vari\u00e1vel com aplica\u00e7\u00e3o\r\n","rendimento_minimo_acabado":""},"_links":{"self":[{"href":"https:\/\/www.seunovo.site\/coriarte\/wp-json\/wp\/v2\/product\/2188"}],"collection":[{"href":"https:\/\/www.seunovo.site\/coriarte\/wp-json\/wp\/v2\/product"}],"about":[{"href":"https:\/\/www.seunovo.site\/coriarte\/wp-json\/wp\/v2\/types\/product"}],"replies":[{"embeddable":true,"href":"https:\/\/www.seunovo.site\/coriarte\/wp-json\/wp\/v2\/comments?post=2188"}],"wp:featuredmedia":[{"embeddable":true,"href":"https:\/\/www.seunovo.site\/coriarte\/wp-json\/wp\/v2\/media\/1299"}],"wp:attachment":[{"href":"https:\/\/www.seunovo.site\/coriarte\/wp-json\/wp\/v2\/media?parent=2188"}],"wp:term":[{"taxonomy":"product_cat","embeddable":true,"href":"https:\/\/www.seunovo.site\/coriarte\/wp-json\/wp\/v2\/product_cat?post=2188"},{"taxonomy":"product_tag","embeddable":true,"href":"https:\/\/www.seunovo.site\/coriarte\/wp-json\/wp\/v2\/product_tag?post=2188"}],"curies":[{"name":"wp","href":"https:\/\/api.w.org\/{rel}","templated":true}]}}