{"id":2209,"date":"2023-10-25T22:31:15","date_gmt":"2023-10-26T01:31:15","guid":{"rendered":"http:\/\/www.seunovo.site\/coriarte\/?post_type=product&#038;p=2209"},"modified":"2023-10-25T22:32:40","modified_gmt":"2023-10-26T01:32:40","slug":"primer-branco-para-madeira","status":"publish","type":"product","link":"https:\/\/www.seunovo.site\/coriarte\/produto\/primer-branco-para-madeira\/","title":{"rendered":"Primer Branco para Madeira"},"content":{"rendered":"","protected":false},"excerpt":{"rendered":"<p>O Primer Branco para Madeira Coriarte \u00e9 um produto \u00e0 base de \u00e1gua com alto poder de enchimento e secagem r\u00e1pida para aplica\u00e7\u00e3o com pistola em pe\u00e7as de madeira.<\/p>\n","protected":false},"featured_media":1316,"comment_status":"open","ping_status":"closed","template":"","meta":[],"product_cat":[19],"product_tag":[1479],"acf":{"indicado_para_aplicacao":"Pistola convencional","dados_do_produto":"Dilui\u00e7\u00e3o com \u00e1gua para pistola 30 a 40 %<br>\r\nN\u00famero de dem\u00e3os 1<br>\r\nS\u00f3lidos por massa 63,0 %<br>\r\nSecagem ao Toque 30 minutos<br>\r\nIntervalo entre Dem\u00e3o 4 horas<br>\r\nSecagem total 24 horas\r\n","rendimento_minimo_acabado":"Quartinho 0,9L At\u00e9 5m2<br>\r\nGal\u00e3o 3,6L At\u00e9 20m2<br>\r\nLata 18L At\u00e9 100m2<br><br>\r\n\r\n* Vari\u00e1vel conforme substrato, dilui\u00e7\u00e3o, abertura de leque e regulagem geral da pistola."},"_links":{"self":[{"href":"https:\/\/www.seunovo.site\/coriarte\/wp-json\/wp\/v2\/product\/2209"}],"collection":[{"href":"https:\/\/www.seunovo.site\/coriarte\/wp-json\/wp\/v2\/product"}],"about":[{"href":"https:\/\/www.seunovo.site\/coriarte\/wp-json\/wp\/v2\/types\/product"}],"replies":[{"embeddable":true,"href":"https:\/\/www.seunovo.site\/coriarte\/wp-json\/wp\/v2\/comments?post=2209"}],"wp:featuredmedia":[{"embeddable":true,"href":"https:\/\/www.seunovo.site\/coriarte\/wp-json\/wp\/v2\/media\/1316"}],"wp:attachment":[{"href":"https:\/\/www.seunovo.site\/coriarte\/wp-json\/wp\/v2\/media?parent=2209"}],"wp:term":[{"taxonomy":"product_cat","embeddable":true,"href":"https:\/\/www.seunovo.site\/coriarte\/wp-json\/wp\/v2\/product_cat?post=2209"},{"taxonomy":"product_tag","embeddable":true,"href":"https:\/\/www.seunovo.site\/coriarte\/wp-json\/wp\/v2\/product_tag?post=2209"}],"curies":[{"name":"wp","href":"https:\/\/api.w.org\/{rel}","templated":true}]}}