{"id":2214,"date":"2023-10-25T22:48:51","date_gmt":"2023-10-26T01:48:51","guid":{"rendered":"http:\/\/www.seunovo.site\/coriarte\/?post_type=product&#038;p=2214"},"modified":"2023-10-26T09:44:43","modified_gmt":"2023-10-26T12:44:43","slug":"esmalte-industrial","status":"publish","type":"product","link":"https:\/\/www.seunovo.site\/coriarte\/produto\/esmalte-industrial\/","title":{"rendered":"Esmalte Industrial"},"content":{"rendered":"","protected":false},"excerpt":{"rendered":"<p>O Esmalte Sint\u00e9tico Industrial Kraft \u00e9 uma tinta alqu\u00eddica indicada para pinturas de pe\u00e7as de a\u00e7o sujeitas a ambientes de baixa agressividade como m\u00e1quinas, equipamentos, m\u00f3veis de a\u00e7o, estruturas met\u00e1licas e pe\u00e7as em geral.<\/p>\n","protected":false},"featured_media":2216,"comment_status":"closed","ping_status":"closed","template":"","meta":[],"product_cat":[18],"product_tag":[1483],"acf":{"indicado_para_aplicacao":"","dados_do_produto":"Diluente: \u00c1gua <br>\r\nDilui\u00e7\u00e3o: 20 \u2013 30% em volume\r\n","rendimento_minimo_acabado":""},"_links":{"self":[{"href":"https:\/\/www.seunovo.site\/coriarte\/wp-json\/wp\/v2\/product\/2214"}],"collection":[{"href":"https:\/\/www.seunovo.site\/coriarte\/wp-json\/wp\/v2\/product"}],"about":[{"href":"https:\/\/www.seunovo.site\/coriarte\/wp-json\/wp\/v2\/types\/product"}],"replies":[{"embeddable":true,"href":"https:\/\/www.seunovo.site\/coriarte\/wp-json\/wp\/v2\/comments?post=2214"}],"wp:featuredmedia":[{"embeddable":true,"href":"https:\/\/www.seunovo.site\/coriarte\/wp-json\/wp\/v2\/media\/2216"}],"wp:attachment":[{"href":"https:\/\/www.seunovo.site\/coriarte\/wp-json\/wp\/v2\/media?parent=2214"}],"wp:term":[{"taxonomy":"product_cat","embeddable":true,"href":"https:\/\/www.seunovo.site\/coriarte\/wp-json\/wp\/v2\/product_cat?post=2214"},{"taxonomy":"product_tag","embeddable":true,"href":"https:\/\/www.seunovo.site\/coriarte\/wp-json\/wp\/v2\/product_tag?post=2214"}],"curies":[{"name":"wp","href":"https:\/\/api.w.org\/{rel}","templated":true}]}}