{"id":2218,"date":"2023-10-25T22:53:19","date_gmt":"2023-10-26T01:53:19","guid":{"rendered":"http:\/\/www.seunovo.site\/coriarte\/?post_type=product&#038;p=2218"},"modified":"2023-10-26T09:43:10","modified_gmt":"2023-10-26T12:43:10","slug":"kraftcryl-industrial","status":"publish","type":"product","link":"https:\/\/www.seunovo.site\/coriarte\/produto\/kraftcryl-industrial\/","title":{"rendered":"KraftCryl Industrial"},"content":{"rendered":"","protected":false},"excerpt":{"rendered":"<p>Primer sint\u00e9tico \u00e9 indicado para superf\u00edcies met\u00e1licas sujeitas a ambientes de baixa agressividade.<\/p>\n","protected":false},"featured_media":2216,"comment_status":"open","ping_status":"closed","template":"","meta":[],"product_cat":[18],"product_tag":[1483],"acf":{"indicado_para_aplicacao":"","dados_do_produto":"Dilui\u00e7\u00e3o 30 a 50 %<br>\r\nRedutor 10.60\/20.60<br>\r\nEspessura 30 a 40 \u03bcm<br>\r\nRendimento (por dem\u00e3o) 6 m2\/L<br>\r\nSecagem ao Toque 20 \u2013 30 min<br>\r\nSecagem Manuseio 4 \u2013 6 horas<br>\r\nSecagem Final 72 horas\r\n","rendimento_minimo_acabado":""},"_links":{"self":[{"href":"https:\/\/www.seunovo.site\/coriarte\/wp-json\/wp\/v2\/product\/2218"}],"collection":[{"href":"https:\/\/www.seunovo.site\/coriarte\/wp-json\/wp\/v2\/product"}],"about":[{"href":"https:\/\/www.seunovo.site\/coriarte\/wp-json\/wp\/v2\/types\/product"}],"replies":[{"embeddable":true,"href":"https:\/\/www.seunovo.site\/coriarte\/wp-json\/wp\/v2\/comments?post=2218"}],"wp:featuredmedia":[{"embeddable":true,"href":"https:\/\/www.seunovo.site\/coriarte\/wp-json\/wp\/v2\/media\/2216"}],"wp:attachment":[{"href":"https:\/\/www.seunovo.site\/coriarte\/wp-json\/wp\/v2\/media?parent=2218"}],"wp:term":[{"taxonomy":"product_cat","embeddable":true,"href":"https:\/\/www.seunovo.site\/coriarte\/wp-json\/wp\/v2\/product_cat?post=2218"},{"taxonomy":"product_tag","embeddable":true,"href":"https:\/\/www.seunovo.site\/coriarte\/wp-json\/wp\/v2\/product_tag?post=2218"}],"curies":[{"name":"wp","href":"https:\/\/api.w.org\/{rel}","templated":true}]}}