{"id":2227,"date":"2023-10-25T23:54:15","date_gmt":"2023-10-26T02:54:15","guid":{"rendered":"http:\/\/www.seunovo.site\/coriarte\/?post_type=product&#038;p=2227"},"modified":"2023-10-25T23:55:45","modified_gmt":"2023-10-26T02:55:45","slug":"esmalte-monocomponente-galv-df210","status":"publish","type":"product","link":"https:\/\/www.seunovo.site\/coriarte\/produto\/esmalte-monocomponente-galv-df210\/","title":{"rendered":"Esmalte Monocomponente Galv DF210"},"content":{"rendered":"","protected":false},"excerpt":{"rendered":"<p>O GalvKraft DF 210 \u00e9 um produto de dupla fun\u00e7\u00e3o, com secagem r\u00e1pida e alto brilho.<br \/>\nApresenta excelente ader\u00eancia sobre substratos ferrosos e n\u00e3o ferrosos.<\/p>\n","protected":false},"featured_media":1338,"comment_status":"open","ping_status":"closed","template":"","meta":[],"product_cat":[18],"product_tag":[53],"acf":{"indicado_para_aplicacao":"A\u00e7o carbono<br>\r\nAluzinco<br>\r\nGalvanizado\r\n","dados_do_produto":"Dilui\u00e7\u00e3o 30 a 50 %<br>\r\nRedutor 10.73<br>\r\nEspessura 30 a 40 \u03bcm<br>\r\nRendimento (por dem\u00e3o) 9 m2\/L<br>\r\nSecagem ao toque 5 \u2013 10 minutos<br>\r\nSecagem ao manuseio 20 \u2013 30 minutos<br>\r\nSecagem completa 24 horas\r\n","rendimento_minimo_acabado":""},"_links":{"self":[{"href":"https:\/\/www.seunovo.site\/coriarte\/wp-json\/wp\/v2\/product\/2227"}],"collection":[{"href":"https:\/\/www.seunovo.site\/coriarte\/wp-json\/wp\/v2\/product"}],"about":[{"href":"https:\/\/www.seunovo.site\/coriarte\/wp-json\/wp\/v2\/types\/product"}],"replies":[{"embeddable":true,"href":"https:\/\/www.seunovo.site\/coriarte\/wp-json\/wp\/v2\/comments?post=2227"}],"wp:featuredmedia":[{"embeddable":true,"href":"https:\/\/www.seunovo.site\/coriarte\/wp-json\/wp\/v2\/media\/1338"}],"wp:attachment":[{"href":"https:\/\/www.seunovo.site\/coriarte\/wp-json\/wp\/v2\/media?parent=2227"}],"wp:term":[{"taxonomy":"product_cat","embeddable":true,"href":"https:\/\/www.seunovo.site\/coriarte\/wp-json\/wp\/v2\/product_cat?post=2227"},{"taxonomy":"product_tag","embeddable":true,"href":"https:\/\/www.seunovo.site\/coriarte\/wp-json\/wp\/v2\/product_tag?post=2227"}],"curies":[{"name":"wp","href":"https:\/\/api.w.org\/{rel}","templated":true}]}}