{"id":2237,"date":"2023-10-26T00:52:12","date_gmt":"2023-10-26T03:52:12","guid":{"rendered":"http:\/\/www.seunovo.site\/coriarte\/?post_type=product&#038;p=2237"},"modified":"2023-10-26T00:53:07","modified_gmt":"2023-10-26T03:53:07","slug":"manta-flexivel-para-silos","status":"publish","type":"product","link":"https:\/\/www.seunovo.site\/coriarte\/produto\/manta-flexivel-para-silos\/","title":{"rendered":"Manta Flexivel para Silos"},"content":{"rendered":"","protected":false},"excerpt":{"rendered":"<p>A Manta flex\u00edvel para silos foi desenvolvida especialmente para prote\u00e7\u00e3o de silos de estocagem. Possui m\u00e9dia camada e acabamento fosco. Sua capacidade el\u00e1stica faz com que trabalhe em conjunto com a superf\u00edcie em que foi aplicado, prolongando a vida \u00fatil do material. <\/p>\n","protected":false},"featured_media":1338,"comment_status":"open","ping_status":"closed","template":"","meta":[],"product_cat":[18],"product_tag":[53],"acf":{"indicado_para_aplicacao":"","dados_do_produto":"Diluente 10.73<br>\r\nDilui\u00e7\u00e3o para rolo At\u00e9 5% em volume<br>\r\nN\u00famero de dem\u00e3os 2 a 3 ou at\u00e9 camada pretendida<br>\r\nSecagem ao Toque 10 a 30 minutos<br>\r\nSecagem Manuseio 1 hora<br>\r\nIntervalo entre dem\u00e3os 2 a 4 horas<br>\r\nSecagem total 72 horas<br>\r\nPara temperaturas de 20 a 25\u00b0C e umidade relativa de 60%\r\n","rendimento_minimo_acabado":""},"_links":{"self":[{"href":"https:\/\/www.seunovo.site\/coriarte\/wp-json\/wp\/v2\/product\/2237"}],"collection":[{"href":"https:\/\/www.seunovo.site\/coriarte\/wp-json\/wp\/v2\/product"}],"about":[{"href":"https:\/\/www.seunovo.site\/coriarte\/wp-json\/wp\/v2\/types\/product"}],"replies":[{"embeddable":true,"href":"https:\/\/www.seunovo.site\/coriarte\/wp-json\/wp\/v2\/comments?post=2237"}],"wp:featuredmedia":[{"embeddable":true,"href":"https:\/\/www.seunovo.site\/coriarte\/wp-json\/wp\/v2\/media\/1338"}],"wp:attachment":[{"href":"https:\/\/www.seunovo.site\/coriarte\/wp-json\/wp\/v2\/media?parent=2237"}],"wp:term":[{"taxonomy":"product_cat","embeddable":true,"href":"https:\/\/www.seunovo.site\/coriarte\/wp-json\/wp\/v2\/product_cat?post=2237"},{"taxonomy":"product_tag","embeddable":true,"href":"https:\/\/www.seunovo.site\/coriarte\/wp-json\/wp\/v2\/product_tag?post=2237"}],"curies":[{"name":"wp","href":"https:\/\/api.w.org\/{rel}","templated":true}]}}