{"id":2242,"date":"2023-10-26T01:03:21","date_gmt":"2023-10-26T04:03:21","guid":{"rendered":"http:\/\/www.seunovo.site\/coriarte\/?post_type=product&#038;p=2242"},"modified":"2023-10-26T01:05:09","modified_gmt":"2023-10-26T04:05:09","slug":"diluente-10-30","status":"publish","type":"product","link":"https:\/\/www.seunovo.site\/coriarte\/produto\/diluente-10-30\/","title":{"rendered":"DILUENTE 10.30"},"content":{"rendered":"","protected":false},"excerpt":{"rendered":"<p>Usado para dilui\u00e7\u00e3o de Esmalte Sint\u00e9tico Kraft, KraftCryl Industrial e Acabamento. Usado tamb\u00e9m para limpeza.<\/p>\n","protected":false},"featured_media":0,"comment_status":"open","ping_status":"closed","template":"","meta":[],"product_cat":[18],"product_tag":[1481],"acf":{"indicado_para_aplicacao":"","dados_do_produto":"","rendimento_minimo_acabado":""},"_links":{"self":[{"href":"https:\/\/www.seunovo.site\/coriarte\/wp-json\/wp\/v2\/product\/2242"}],"collection":[{"href":"https:\/\/www.seunovo.site\/coriarte\/wp-json\/wp\/v2\/product"}],"about":[{"href":"https:\/\/www.seunovo.site\/coriarte\/wp-json\/wp\/v2\/types\/product"}],"replies":[{"embeddable":true,"href":"https:\/\/www.seunovo.site\/coriarte\/wp-json\/wp\/v2\/comments?post=2242"}],"wp:attachment":[{"href":"https:\/\/www.seunovo.site\/coriarte\/wp-json\/wp\/v2\/media?parent=2242"}],"wp:term":[{"taxonomy":"product_cat","embeddable":true,"href":"https:\/\/www.seunovo.site\/coriarte\/wp-json\/wp\/v2\/product_cat?post=2242"},{"taxonomy":"product_tag","embeddable":true,"href":"https:\/\/www.seunovo.site\/coriarte\/wp-json\/wp\/v2\/product_tag?post=2242"}],"curies":[{"name":"wp","href":"https:\/\/api.w.org\/{rel}","templated":true}]}}