{"id":2264,"date":"2023-10-26T09:53:44","date_gmt":"2023-10-26T12:53:44","guid":{"rendered":"http:\/\/www.seunovo.site\/coriarte\/?post_type=product&#038;p=2264"},"modified":"2023-10-26T09:57:21","modified_gmt":"2023-10-26T12:57:21","slug":"primer-universal","status":"publish","type":"product","link":"https:\/\/www.seunovo.site\/coriarte\/produto\/primer-universal\/","title":{"rendered":"Primer Universal"},"content":{"rendered":"","protected":false},"excerpt":{"rendered":"<p>Primer de secagem r\u00e1pida ao ar, com excelente enchimento e lixabilidade. Compat\u00edvel com a maioria dos acabamentos. Produto indicado como primeira dem\u00e3o para substratos de a\u00e7o carbono, alum\u00ednio, galvanizado e fibra de vidro, para a pintura de pe\u00e7as em geral. Pode ser aplicado sobre massa r\u00e1pida, adesivo pl\u00e1stico, massa poli\u00e9ster, Wash Primer e promotor de ader\u00eancia.<\/p>\n","protected":false},"featured_media":2216,"comment_status":"open","ping_status":"closed","template":"","meta":[],"product_cat":[18],"product_tag":[1483],"acf":{"indicado_para_aplicacao":"","dados_do_produto":"Dilui\u00e7\u00e3o 80 - 100 %<br>\r\nRedutor 10.70\/20.70<br>\r\nEspessura 40 - 60 \u03bcm<br>\r\nRendimento (por dem\u00e3o) 9,5 m2\/L<br>\r\nSecagem ao Toque 5 \u2013 10 minutos<br>\r\nSecagem ao Manuseio 30 \u2013 45 minutos<br>\r\nSecagem total 24 horas\r\n","rendimento_minimo_acabado":""},"_links":{"self":[{"href":"https:\/\/www.seunovo.site\/coriarte\/wp-json\/wp\/v2\/product\/2264"}],"collection":[{"href":"https:\/\/www.seunovo.site\/coriarte\/wp-json\/wp\/v2\/product"}],"about":[{"href":"https:\/\/www.seunovo.site\/coriarte\/wp-json\/wp\/v2\/types\/product"}],"replies":[{"embeddable":true,"href":"https:\/\/www.seunovo.site\/coriarte\/wp-json\/wp\/v2\/comments?post=2264"}],"wp:featuredmedia":[{"embeddable":true,"href":"https:\/\/www.seunovo.site\/coriarte\/wp-json\/wp\/v2\/media\/2216"}],"wp:attachment":[{"href":"https:\/\/www.seunovo.site\/coriarte\/wp-json\/wp\/v2\/media?parent=2264"}],"wp:term":[{"taxonomy":"product_cat","embeddable":true,"href":"https:\/\/www.seunovo.site\/coriarte\/wp-json\/wp\/v2\/product_cat?post=2264"},{"taxonomy":"product_tag","embeddable":true,"href":"https:\/\/www.seunovo.site\/coriarte\/wp-json\/wp\/v2\/product_tag?post=2264"}],"curies":[{"name":"wp","href":"https:\/\/api.w.org\/{rel}","templated":true}]}}